{"id":48,"date":"2019-05-26T18:30:00","date_gmt":"2019-05-26T16:30:00","guid":{"rendered":"http:\/\/neu.gernot-menke.de\/?page_id=48"},"modified":"2019-07-01T17:06:33","modified_gmt":"2019-07-01T15:06:33","slug":"die-entwicklung-des-fahrrad-trials-bis-1982-im-ueberblick","status":"publish","type":"page","link":"https:\/\/www.gernot-menke.de\/en\/die-entwicklung-des-fahrrad-trials-bis-1982-im-ueberblick\/","title":{"rendered":"Die Entwicklung des Fahrrad-Trials bis 1982 im \u00dcberblick"},"content":{"rendered":"<p>Das Fahrrad-Trial hat sich, wie jeder wei\u00df, in den siebziger Jahren in Deutschland und in Spanien\/Katalonien unabh\u00e4ngig voneinander und fast zeitgleich zu einer neuen Sportart entwickelt. Mit dem ersten Eurocup, der 1982 stattfand, wurde das Fahrrad-Trial international, so da\u00df hier eine Z\u00e4sur gegeben ist.<\/p>\n<p>Die folgenden Unterkapitel sollen einen \u00dcberblick \u00fcber die Entwicklung bis 1982 geben. Im dritten Kapitel wird diese Anfangsphase des Fahrrad-Trials dann detaillierter betrachtet.<\/p>\n<p>&nbsp;<\/p>\n<p>&nbsp;<\/p>","protected":false},"excerpt":{"rendered":"<p>Das Fahrrad-Trial hat sich, wie jeder wei\u00df, in den siebziger Jahren in Deutschland und in Spanien\/Katalonien unabh\u00e4ngig voneinander und fast zeitgleich zu einer neuen Sportart entwickelt. Mit dem ersten Eurocup, der 1982 stattfand, wurde das Fahrrad-Trial international, so da\u00df hier eine Z\u00e4sur gegeben ist. Die folgenden Unterkapitel sollen einen \u00dcberblick \u00fcber die Entwicklung bis 1982&#8230;<\/p>","protected":false},"author":1,"featured_media":0,"parent":0,"menu_order":0,"comment_status":"closed","ping_status":"closed","template":"","meta":{"footnotes":""},"class_list":["post-48","page","type-page","status-publish","hentry"],"_links":{"self":[{"href":"https:\/\/www.gernot-menke.de\/en\/wp-json\/wp\/v2\/pages\/48","targetHints":{"allow":["GET"]}}],"collection":[{"href":"https:\/\/www.gernot-menke.de\/en\/wp-json\/wp\/v2\/pages"}],"about":[{"href":"https:\/\/www.gernot-menke.de\/en\/wp-json\/wp\/v2\/types\/page"}],"author":[{"embeddable":true,"href":"https:\/\/www.gernot-menke.de\/en\/wp-json\/wp\/v2\/users\/1"}],"replies":[{"embeddable":true,"href":"https:\/\/www.gernot-menke.de\/en\/wp-json\/wp\/v2\/comments?post=48"}],"version-history":[{"count":13,"href":"https:\/\/www.gernot-menke.de\/en\/wp-json\/wp\/v2\/pages\/48\/revisions"}],"predecessor-version":[{"id":371,"href":"https:\/\/www.gernot-menke.de\/en\/wp-json\/wp\/v2\/pages\/48\/revisions\/371"}],"wp:attachment":[{"href":"https:\/\/www.gernot-menke.de\/en\/wp-json\/wp\/v2\/media?parent=48"}],"curies":[{"name":"wp","href":"https:\/\/api.w.org\/{rel}","templated":true}]}}

Die Entwicklung des Fahrrad-Trials bis 1982 im Überblick

<p>Das Fahrrad-Trial hat sich, wie jeder weiß, in den siebziger Jahren in Deutschland und in Spanien/Katalonien unabhängig voneinander und fast zeitgleich zu einer neuen Sportart entwickelt. Mit dem ersten Eurocup, der 1982 stattfand, wurde das Fahrrad-Trial international, so daß hier eine Zäsur gegeben ist.</p>
<p>Die folgenden Unterkapitel sollen einen Überblick über die Entwicklung bis 1982 geben. Im dritten Kapitel wird diese Anfangsphase des Fahrrad-Trials dann detaillierter betrachtet.</p>
<p>&nbsp;</p>
<p>&nbsp;</p>

<p>Das Fahrrad-Trial hat sich, wie jeder weiß, in den siebziger Jahren in Deutschland und in Spanien/Katalonien unabhängig voneinander und fast zeitgleich zu einer neuen Sportart entwickelt. Mit dem ersten Eurocup, der 1982 stattfand, wurde das Fahrrad-Trial international, so daß hier eine Zäsur gegeben ist. Die folgenden Unterkapitel sollen einen Überblick über die Entwicklung bis 1982&#8230;</p>
